tors of 19057204?
2, 17, 280253
What are the prime factors of 3439739?
79, 43541
List the prime factors of 79338.
2, 3, 7, 1889
What are the prime factors of 250958?
2, 179, 701
What are the prime factors of 269540?
2, 5, 13477
What are the prime factors of 15107736?
2, 3, 7, 19, 4733
What are the prime factors of 276916?
2, 107, 647
What are the prime factors of 971437?
53, 18329
What are the prime factors of 8272292?
2, 7, 295439
List the prime factors of 737458.
2, 368729
What are the prime factors of 1191155?
5, 7, 34033
What are the prime factors of 12905647?
12905647
What are the prime factors of 9611939?
9611939
List the prime factors of 3836327.
11, 348757
What are the prime factors of 7251769?
7, 29, 139, 257
What are the prime factors of 25017144?
2, 3, 1042381
List the prime factors of 675931.
675931
What are the prime factors of 991794?
2, 3, 47, 3517
List the prime factors of 532551.
3, 19, 9343
What are the prime factors of 987999?
3, 329333
List the prime factors of 3458784.
2, 3, 7, 5147
List the prime factors of 198696.
2, 3, 17, 487
List the prime factors of 2781595.
5, 163, 3413
List the prime factors of 264968.
2, 11, 3011
What are the prime factors of 640497?
3, 11, 13, 1493
List the prime factors of 3645087.
3, 1215029
What are the prime factors of 2025090?
2, 3, 5, 22501
List the prime factors of 386299.
386299
What are the prime factors of 1447108?
2, 13, 17, 1637
List the prime factors of 121123.
121123
List the prime factors of 351431.
97, 3623
What are the prime factors of 44092999?
41, 97, 11087
What are the prime factors of 296030?
2, 5, 7, 4229
List the prime factors of 2185102.
2, 227, 4813
What are the prime factors of 841978?
2, 197, 2137
List the prime factors of 7505661.
3, 163, 15349
What are the prime factors of 570534?
2, 3, 95089
What are the prime factors of 1345458?
2, 3, 53, 4231
What are the prime factors of 1157274?
2, 3, 29, 739
List the prime factors of 2129495.
5, 425899
What are the prime factors of 5414?
2, 2707
List the prime factors of 3922509.
3, 73, 17911
List the prime factors of 524108.
2, 13, 10079
What are the prime factors of 3537149?
7, 11, 71, 647
What are the prime factors of 305029?
305029
What are the prime factors of 113041?
113041
What are the prime factors of 10929802?
2, 13, 163, 2579
What are the prime factors of 89003?
89003
What are the prime factors of 1025577?
3, 7, 73, 223
What are the prime factors of 27488219?
11, 241, 10369
List the prime factors of 16807479.
3, 13, 181, 2381
List the prime factors of 369940.
2, 5, 53, 349
What are the prime factors of 12418862?
2, 6209431
What are the prime factors of 2497381?
2497381
List the prime factors of 21460176.
2, 3, 71, 2099
List the prime factors of 38919.
3, 12973
What are the prime factors of 28832268?
2, 3, 101, 23789
List the prime factors of 1992926.
2, 13, 76651
What are the prime factors of 18283443?
3, 6094481
What are the prime factors of 8621286?
2, 3, 31, 46351
List the prime factors of 4617839.
4617839
List the prime factors of 815101.
7, 116443
What are the prime factors of 326322?
2, 3, 6043
What are the prime factors of 11270969?
571, 19739
What are the prime factors of 339152?
2, 11, 41, 47
What are the prime factors of 3530549?
11, 193, 1663
What are the prime factors of 242898?
2, 3, 40483
List the prime factors of 11948136.
2, 3, 497839
What are the prime factors of 873476?
2, 139, 1571
What are the prime factors of 1043040?
2, 3, 5, 41, 53
List the prime factors of 25938.
2, 3, 11, 131
What are the prime factors of 1459464?
2, 3, 60811
List the prime factors of 279215.
5, 55843
What are the prime factors of 33186478?
2, 13, 79, 107, 151
List the prime factors of 350251.
11, 17, 1873
What are the prime factors of 436360?
2, 5, 10909
List the prime factors of 2337389.
2337389
List the prime factors of 13236249.
3, 13, 26107
What are the prime factors of 678827?
17, 73, 547
What are the prime factors of 24278?
2, 61, 199
List the prime factors of 50922.
2, 3, 23, 41
List the prime factors of 868795.
5, 47, 3697
What are the prime factors of 254081?
23, 11047
List the prime factors of 2713551.
3, 904517
List the prime factors of 11723167.
409, 28663
List the prime factors of 3829876.
2, 409, 2341
List the prime factors of 2121379.
13, 17, 29, 331
What are the prime factors of 5981663?
5981663
What are the prime factors of 536937?
3, 89, 2011
What are the prime factors of 150826?
2, 13, 5801
What are the prime factors of 275803?
11, 25073
What are the prime factors of 629343?
3, 11, 13, 163
What are the prime factors of 332959?
11, 30269
List the prime factors of 2835585.
3, 5, 61, 1033
What are the prime factors of 18222042?
2, 3, 61, 49787
List the prime factors of 8012930.
2, 5, 801293
What are the prime factors of 18629087?
18629087
What are the prime factors of 11807492?
2, 2951873
List the prime factors of 215468.
2, 11, 59, 83
What are the prime factors of 1379488?
2, 11, 3919
What are the prime factors of 13595569?
13, 409, 2557
What are the prime factors of 18729322?
2, 1303, 7187
What are the prime factors of 1107672?
2, 3, 46153
What are the prime factors of 1993027?
733, 2719
List the prime factors of 253729.
7, 67, 541
What are the prime factors of 6644438?
2, 3322219
List the prime factors of 330035.
5, 149, 443
List the prime factors of 901168.
2, 151, 373
List the prime factors of 2407663.
23, 104681
List the prime factors of 24775108.
2, 89, 69593
List the prime factors of 7554536.
2, 11, 85847
List the prime factors of 7390530.
2, 3, 5, 7, 11731
List the prime factors of 2308934.
2, 1154467
What are the prime factors of 550399?
277, 1987
List the prime factors of 4657616.
2, 291101
List the prime factors of 1532779.
1532779
List the prime factors of 6129141.
3, 2043047
What are the prime factors of 1250421?
3, 67, 6221
What are the prime factors of 457415?
5, 7, 1867
List the prime factors of 19576918.
2, 1297, 7547
What are the prime factors of 2413107?
3, 268123
List the prime factors of 6407446.
2, 19, 168617
List the prime factors of 991439.
19, 52181
What are the prime factors of 3030924?
2, 3, 13, 19429
What are the prime factors of 57119?
57119
What are the prime factors of 14797?
14797
What are the prime factors of 232210?
2, 5, 11, 2111
List the prime factors of 172806.
2, 3, 83, 347
What are the prime factors of 1162406?
2, 7, 79, 1051
What are the prime factors of 6364282?
2, 29, 197, 557
List the prime factors of 3186592.
2, 99581
List the prime factors of 54763.
23, 2381
What are the prime factors of 11301830?
2, 5, 463, 2441
List the prime factors of 311978.
2, 389, 401
List the prime factors of 2464414.
2, 19, 64853
List the prime factors of 18585892.
2, 13, 357421
List the prime factors of 525336.
2, 3, 7, 53, 59
What are the prime factors of 1493741?
1493741
What are the prime factors of 4950723?
3, 17, 97073
What are the prime factors of 366143?
281, 1303
List the prime factors of 98330.
2, 5, 9833
List the prime factors of 2422470.
2, 3, 5, 80749
List the prime factors of 276773.
7, 19, 2081
What are the prime factors of 712632?
2, 3, 23, 1291
What are the prime factors of 222428?
2, 17, 3271
List the prime factors of 3191964.
2, 3, 461, 577
List the prime factors of 50177.
50177
List the prime factors of 17492807.
17492807
List the prime factors of 8580453.
3, 7, 487, 839
What are the prime factors of 4621590?
2, 3, 5, 17117
What are the prime factors of 880724?
2, 13, 16937
List the prime factors of 389911.
389911
List the prime factors of 2545624.
2, 318203
What are the prime factors of 327085?
5, 11, 19, 313
List the prime factors of 7061099.
79, 89381
What are the prime factors of 2789062?
2, 107, 13033
List the prime factors of 395681.
11, 13, 2767
What are the prime factors of 3554902?
2, 13, 136727
List the prime factors of 2372351.
61, 38891
List the prime factors of 19348365.
3, 5, 19, 29, 2341
What are the prime factors of 48809?
48809
What are the prime factors of 19059653?
19059653
List the prime factors of 737498.
2, 283, 1303
List the prime factors of 526818.
2, 3, 87803
What are the prime factors of 233558?
2, 13, 691
List the prime factors of 2486498.
2, 7, 97, 1831
List the prime factors of 46286.
2, 23143
List the prime factors of 629214.
2, 3, 1048